.
2
What is (5 - ((-6 - -15) + -6)) + -15 + 1?
-12
What is -5 + -7 + 129 + -100 + 1 + -2?
16
Calculate -1 + -4 + -8 + (10 - 4).
-7
Evaluate 2 + (7 - 10) + -6.
-7
Evaluate (-33 - -61) + -33 - (-2 - 10).
7
What is the value of 5 - (-38 - -19 - (-2 + -11))?
11
What is the value of 0 - -11 - (0 + -8 + 3 - -14)?
2
What is the value of 3 + (3 - (8 + -3))?
1
What is 33 + (2 + 2 + 5 - 22 - -5)?
25
What is 3 + 1 - (1 + 0) - -5 - -6?
14
What is the value of -1 + 5 + 9 + -1 + -2?
10
What is (-10 - (-59 + 44)) + 13?
18
What is -14 + (-6 - -59) + -38?
1
(-23 - -8) + -1 - (-2 - (5 - 4))
-13
Calculate 84 + -77 + (-20 - (2 + 0)) + 4.
-11
Evaluate (38 - 34) + (-1 - (14 + -4)).
-7
What is 7 + 10 + -35 + (4 - (14 + -2))?
-26
Evaluate -25 + (5 - -22) + -22.
-20
Evaluate 2 + -3 + -1 + (5 - 17).
-14
Calculate (-6 - -12) + (8 - 61) + 15.
-32
What is the value of -16 - -7 - ((-4 - 2) + 6 + -5)?
-4
What is the value of 12 + -3 + -3 + -9?
-3
What is the value of 2 - (-2 - 2) - 9 - -1?
-2
What is the value of (-16 - (5 - 9) - 1) + 5?
-8
What is the value of -4 - (16 + -42) - -7?
29
18 - (16 + -28) - (-3 - -11)
22
-21 + 6 - -24 - (7 - -5) - 16
-19
What is the value of (14 + 7 - 14) + -9?
-2
Evaluate -13 + -3 + 14 - (-2 + 5 - 2).
-3
Evaluate -3 - 14 - (13 - 41).
11
(37 + -75 - -9) + 35
6
Calculate -26 - (-36 + 10) - (0 - (-1 + -3)).
-4
What is the value of -9 - (-62 - -29 - -14)?
10
What is the value of (-3 - (8 + (8 - (13 - 2)))) + 9?
1
Evaluate (0 - (-1 + -4) - -6) + 2 + -2.
11
What is -10 - (-8 - -4 - -3) - -4?
-5
Evaluate -11 - (5 - (-2 + 9 + 16)).
7
What is (-6 - (-27 - 2 - -1)) + -9?
13
Calculate -20 + (54 - 24 - 0).
10
What is 3 + 1 - (454 - 458)?
8
Calculate -2 - -3 - (17 - (-10 - -16)).
-10
Evaluate (-296 - -303) + (-1 - -10) + -2 + 4.
18
Calculate -11 + 12 + 3 + -14 + -8.
-18
Calculate -22 - ((22 - 4) + -24).
-16
What is the value of 3 - 2 - -21 - (20 + 10 - 25)?
17
What is the value of (-6 - (-28 + 8 - -5)) + 1?
10
What is the value of (-3 - 1) + -2 + -3 + (-1 - 0)?
-10
Evaluate (-2 - -28) + 2 + (-17 - 1 - -23).
33
Evaluate 4 + -14 + -65 + 64 + 9 + 2.
0
Calculate 17 - (-6 - (9 + -24) - 1).
9
Calculate 21 + (2 - (-25 - -63)).
-15
Evaluate (-21 - -21 - (7 - 1)) + 18.
12
Calculate -90 + 82 - (12 - (-6 + 12)).
-14
Evaluate 6 - -25 - -1 - 50.
-18
Calculate -4 - (-17 - (11 + -23)) - -5.
6
Evaluate -11 + (-67 - -80) - (-4 - (-1 + 0)).
5
What is (-22 - -18) + -8 + 7 + -23?
-28
What is the value of (-21 - (-38 + -9 + 15)) + (1 - -13)?
25
Evaluate 8 + 2 + -6 + -1 + -6.
-3
19 + -13 + -1 + 1 + 2
8
Calculate 14 - ((-7 - -4) + -5 + (-42 - -58)).
6
Evaluate 4 + (3 - 1) - -2 - 11 - 19.
-22
Calculate (1 - 10) + 1 + 36 + -7 + -32.
-11
(0 + 1 + -2 - (2 - -4)) + -5
-12
What is 34 + (-7 - -18) + -25 - 11?
9
Evaluate 11 + -4 - ((9 - (-3 + 5)) + 30).
-30
-8 + 21 + -11 + -8 + 13 + -12
-5
What is -1 - -1 - (241 - 237)?
-4
Calculate 7 + (2 - 5) + (-15 - -1 - -15).
5
(-15 - -8) + -2 + -7 + 2
-14
(0 - -1 - 2) + 293 + -300
-8
0 + -9 + -13 + 2 + 0
-20
(0 - 0) + (-18 - -9) + -45 + 16
-38
Evaluate -3 + 3 - (-16 - -13 - 5).
8
What is 19 - (3 + 17 - 16)?
15
(-5 - -11) + 2 + 5 + -21 + -3
-11
What is (6 + -5 - 6) + -18 - (-5 + 11)?
-29
What is the value of (2 - (4 + -6) - (8 + -12)) + 2?
10
0 + -14 - (-13 + 4)
-5
Evaluate 16 + -8 + (1 - 2) + -5.
2
What is the value of (7 - 1) + -1 + (-31 - (-18 - 18))?
10
What is 10 + -8 - (14 - -5)?
-17
13 + (18 - 26) - 1
4
Calculate (-8 - (1 - (-1 + 6))) + -1.
-5
What is the value of -20 - (-10 - -12 - (4 + 5))?
-13
What is (1 - (-8 + 16)) + 19?
12
Evaluate (150 - 134) + -10 + -2.
4
What is 50 + -58 + (3 - -17)?
12
Calculate 14 + (14 - 22 - -15).
21
(-8 - -13 - 18) + 8 - (4 + -1)
-8
Evaluate (10 - 4) + 8 + 0 + -6.
8
What is 1 + -39 - -49 - 43?
-32
Evaluate -18 + 1 + (310 - 288).
5
What is the value of -14 + 50 + -27 - 29?
-20
What is the value of 20 + -30 + (37 - 11)?
16
Calculate 7 + -37 + 24 + -16.
-22
What is (-19 - (-30 + 12)) + -9?
-10
What is the value of 21 + -76 + 21 + 33?
-1
-7 - (0 + -6 - -2) - 9 - 5
-17
(5 + -2 - 2 - -5) + 125 + -131
0
What is -32 - (4 - 20 - 0)?
-16
What is the value of -5 - (-4 - (-12 - -19))?
6
What is the value of 12 + -3 - (5 + -12 - -13) - -8?
11
What is the value of 0 - 2 - (0 + -14 + 10 + 2)?
0
What is 16 - -1 - (-45 - -54)?
8
What is 20 - (1 + 11) - 6?
2
(23 - (4 + 15)) + -3
1
Calculate 5 + 0 + 3 + 2 + 7 + -8.
9
Evaluate -21 + (15 - 8) - -5.
-9
What is (-9 - -4) + -7 - -7 - (-1 + -1)?
-3
What is (0 - -3) + (-6 + -7 + -7 - -6)?
-11
Evaluate -7 - 1 - (84 + -100).
8
Calculate -7 + -3 - -13 - (-4 + 11 - 9).
5
(-8 - (-8 - -15)) + 22
7
What is (-12 - -10) + 0 + (-1 - 5)?
-8
Calculate (-11 - (-11 + (8 - 5))) + -5 + 19.
11
What is the value of 5 + 3 + -12 - (-4 + 2 - 2)?
0
What is (-30 - -36) + (0 - (-5 + 3 + 0))?
8
Calculate -11 + 18 - -6 - (1 + 0 - 5).
17
What is 0 - ((-83 - -88) + (2 - 15))?
8
Calculate -13 - (16 + -15) - -16.
2
What is -25 + -23 + 10 + 30?
-8
Evaluate 24 + (15 - 67) + 0 + 5.
-23
Evaluate -5 - (-4 + -6 - -1).
4
What is -1 + -2 + (9 - 0) + -7 + 12?
11
Evaluate 3 + (-11 - 3) - -6.
-5
Calculate (12 + -10 - (14 - (5 + 2))) + 16.
11
Calculate -25 + 4 + 20 + -2 + -1 + -9.
-13
0 + 9 - 13 - (1 - 10)
5
What is 5 + (-9 - -11) + 7 - (0 + 4)?
10
Calculate -40 + (-26 - -33) + -1.
-34
What is 42 - (6 + (47 - 7))?
-4
What is the value of -8 + -12 + 14 + (17 - 7)?
4
Evaluate (-6 - 22) + (-39 - -70).
3
What is the value of (-11 - -13) + -16 + -1?
-15
Calculate -44 + -25 + 30 - -6.
-33
-21 - (3 + (-5 - 1) + -12 - -4)
-10
Calculate 11 + -3 + 1 + (22 - (-14 - -30)).
15
What is the value of -1 - 5 - ((-6 - (-3 - 7)) + -1)?
-9
Evaluate (7 - 8) + (2 - 7 - -9) + 16.
19
Calculate -6 + 0 + (-5 - -14) + -13.
-10
What is -5 + (21 - (1 + 1 + 11))?
3
What is the value of -14 - (22 + 8 + -18 - 36)?
10
Evaluate (2 - -11) + 146 + -152 + (-2 - 0).
5
What is (2 - 10) + 17 + -17 + 15?
7
What is the value of 6 + (0 - -2 - (-1 + 4))?
5
Calculate (5 - (0 - 7) - 6) + -11 + -1.
-6
Evaluate -1 - -2 - ((2 - 16) + 7).
8
Calculate -51 + 57 - (1 - (-1 + 3 + -3)).
4
What is the value of -13 + 7 + -4 - 1 - (1 - 0)?
-12
5 + (0 - 1) - (-14 + 24 + -31)
25
What is 4 + -2 + -31 + 20?
-9
What is 13 + -78 + 68 + 5 + 1?
9
Calculate (44 - 53) + (8 - -2).
1
What is the value of (47 + -1 - (-91 - -96)) + -12?
29
Calculate 7 + -2 + -26 + -1.
-22
Evaluate -21 + -16 + 35 + -3.
-5
What is the value of -24 - ((-7 + -10 - -4) + 21)?
-32
Calculate -1 - -6 - (6 + -10 + -5 + -4).
18
Evaluate (19 - (-1 + 22)) + (-19 - 0).
-21
0 + (-2 - -1) + (-54 - (-49 + -1))
-5
27 - (5 - (-1 + -3)) - 10
8
28 + 2 + (-13 - -27 - 26)
18
What is the value of 0 + 4 + (-174 - -169)?
-1
What is -2 + (18 + -10 + -7 - 15)?
-16
What is the value of -12 - (-7 + 3) - (-3 + 2 + -8)?
1
Evaluate 11 + 18 + -29 + (-23 - -2) - 2.
-23
What is 18 + (-2 - -1) + -11 + 9 + -5?
10
What is (-21 - (-9 + -49) - (0 - 8)) + -10?
35
What is (-4 - -39 - -3) + -15 + 2?
25
Calculate 11 + (0 - (-11 - 3)) + -27.
-2
Calculate -1 + 46 + -59 + (-1 - -9).
-6
What is 59 - (51 - 17) - 17?
8
Evaluate -21 + 23 + (-67 - -34).
-31
((-16 - 0) + 7 - -12) + 22 + -8
17
-2 + 1 - (1 - (-5 - -3 - -3))
-1
What is -19 - (20 + -15) - -30?
6
Calculate 1 + -15 + -7 + 22.
1
What is -4 + -6 + -2 + (1 - -1 - 3)?
-13
Calculate -18 + 3 + 32 + -23.
-6
Evaluate -1 - (-4 - (5 - 7)).
1
What is the value of -13 + 34 + -20 - 17?
-16
Evaluate 5 - -9 - 28 - -15 - 28.
-27
What is -263 - -287 - (-2 + -2 - (-4 + -2))?
22
-7 + 2 + -8 + 2 + 3
-8
Calculate (-4 - -1 - 6) + -39 + 43.
-5
What is the value of -23 - (16 + -33) - (1 - 18)?
11
Calculate -21 + 42 + 9 + -24.
6
What is the value of -50 + (-23 - (-61 - -12))?
-24
4 + -14 + (5 - -5)
0
Evaluate -489 - -483 - ((1 - 0) + 2 + -18).
9
What is -10 - (-9 + -2 + (9 - 6) - 1)?
-1
Calculate 7 + (-9 - (6 + (3 - 1))).
-10
Calculate -10 - (8 + -38) - (32 + -20).
8
What is -77 + 50 + (14 - 4) + -1?
-18
Calculate -18 - ((6 - 3) + -1 + 2 - 7).
-15
Evaluate -12 + 12 - -18 - 17.
1
Evaluate -98 + 141 - (4 - -34).
5
Calculate 8 + (-18 - -13) + 5.
8
What is -13 + 5 + (29 - 11)?
10
What is (-38 - (22 - 5)) + 22?
-33
26 + -20 + -8 + -1 + -9
-12
Evaluate 11 - (17 + -16 - 15) - 14.
11
(-11 + 1 - -1) + (24 + -5 - 14)
-4
Evaluate -7 + -1 + 0 + (692 - 694).
-10
Evaluate 23 + -14 + 9 + 17 + (-2 - 1).
32
Calculate (-18 + 8 + -5 - 0) + (-55